(x) = 6*n(x) - u(x). Let i be w(-8). Let k = -39 + i. What are the prime factors of k?
7
Let k be 1 - (2/7 - 222/42). Suppose -k*v + a + 476 = -4*v, 1204 = 5*v + a. Suppose h - c = -3*h + 329, 3*c = 3*h - v. List the prime factors of h.
83
Suppose -4*r = -6*z + 11814 + 19000, 4*z + 4*r - 20516 = 0. What are the prime factors of z?
3, 29, 59
Suppose -39*d + 122286 + 19055 = -26047. What are the prime factors of d?
2, 29, 37
Suppose 0 = 4*b + 9*h - 14*h - 11664, 0 = b - h - 2915. List the prime factors of b.
41, 71
Suppose 5*m = 3*u - 922, -u - m + 178 + 140 = 0. Let y = 560 - u. What are the prime factors of y?
2, 3, 41
Let j = 25000 - 7326. List the prime factors of j.
2, 8837
Suppose -t + 3*a + 23257 = 5827, -4*t = 5*a - 69669. List the prime factors of t.
3, 5807
Let s = -581 - -577. Let q(i) = 62*i**2 - i - 25. What are the prime factors of q(s)?
971
Let i be 1/4*0 + -2. Let v(m) = m**3 - 12*m**2 - m + 13. Let y be v(12). List the prime factors of y + 4 - 6/i.
2
Suppose -5*z + 3*t + 35 = -4, -2*z + 4*t + 24 = 0. Let a be -1*(2 - (z + 0)). Suppose a*b = -3 + 199. What are the prime factors of b?
7
Suppose 0 = t + 4*t. Let c(s) = 4*s - 75. Let u be c(19). List the prime factors of (u - t)/(135/(-69) - -2).
23
Let h be (-2)/((-3)/6 - 3/6). Let w(v) = -5*v**h - 2*v**2 + v**2 + v**2 + 9 - v**3 + 2*v. What are the prime factors of w(-7)?
3, 31
Let o(b) = b - 34. Let n(p) = -11. Let d(f) = 7*n(f) - 2*o(f). Let i be d(-6). Suppose 103 = c - 3*u, c - i*c + 207 = -5*u. What are the prime factors of c?
2, 53
Let r(m) = 9*m + 288. Let y be r(-15). Suppose -y*v - 2184 = -157*v. List the prime factors of v.
2, 3, 7, 13
Suppose 2*m + 28*g = 25*g + 5660, -2*m + 5664 = g. Suppose -5*f + 9*a = 13*a - m, 4*a = 8. List the prime factors of f.
5, 113
Let b be 9*(149/12 - (-6)/(-8)). Suppose -111*a + 3276 = -b*a. What are the prime factors of a?
2, 3, 7, 13
Suppose n + 19546 = 2*v, 4*n = 18*v - 13*v - 48868. List the prime factors of v.
2, 7, 349
Let x(v) = -v**2 + 14*v - 53. Let c be x(6). What are the prime factors of -1*(c - -12) - -772?
3, 5, 17
Let f be (2 + -35)/((54/3840)/9). What are the prime factors of (-404)/1414 - (f/14)/2?
2, 13, 29
Suppose -t - 4*b = -6, 2 = -b - 1. Suppose 6 = 4*q - t. Suppose c - q = -c. What are the prime factors of c?
3
Let v be (-81 - 3)/(-3) + -2. Let y = -26 + v. Let p = y + 28. List the prime factors of p.
2, 7
Let u = 103 - -7224. What are the prime factors of u?
17, 431
Suppose -44*j + 477603 = 5*j. List the prime factors of j.
3, 19
Let q(z) = 13*z + 24. Let t be q(-6). Let m = 52 + t. List the prime factors of (2 - (-1 + 1 - -15))*m.
2, 13
Let w(d) = d**2 - 4*d - 22. Let x be w(8). What are the prime factors of (487*2/10)/(2/x)?
487
Suppose -7*w + 113 = 78. Suppose 0 = -4*h + w*p + 2829, -2*h + 1417 = -6*p + p. What are the prime factors of h?
2, 353
Let h = 1754 - 278. Suppose -2*j = -3*s + 1114, 0 = 4*s + 5*j - 3*j - h. What are the prime factors of s?
2, 5, 37
Let u be (4/(-2))/(18/(14 - 5)). Let z(v) = -435*v**3 + 2*v**2 + v - 1. List the prime factors of z(u).
3, 5, 29
Let b = -436 + 422. What are the prime factors of -2*69/6*b?
2, 7, 23
Let v(w) = -2464*w**3 + 11*w**2 - 4*w - 7. List the prime factors of v(-2).
23, 859
Let l be (1 - 4 - 4)*-2. Suppose l*n - 2136 = 1882. What are the prime factors of n?
7, 41
Let v(n) = 30*n - 22. Suppose -f + 95 = 4*w, 3*w - f + 120 = 8*w. What are the prime factors of v(w)?
2, 7, 13
Let b be 3 + -4 - (4 + -9). Suppose 4*d - 880 = -b*p, -d - 3*d + 4*p = -880. List the prime factors of d.
2, 5, 11
Let i(h) = -2*h**2 + 13*h - 11. Let n be i(6). List the prime factors of 17324/20 + 1/n.
2, 433
Let g(c) = -2312*c + 60. What are the prime factors of g(-2)?
2, 1171
Let z(w) = -7*w - 4. Let g be z(-2). Suppose -729 = -g*q + 2371. What are the prime factors of q?
2, 5, 31
Let y be (3/(-1))/((-99)/6171). Suppose 3*b + d + 0*d - 69 = 0, 0 = 5*b + 4*d - 115. Suppose -y = -5*x + b. What are the prime factors of x?
2, 3, 7
What are the prime factors of 13 + -2*(-585 - 6)?
5, 239
Let n(g) = -113*g + 948. List the prime factors of n(-42).
2, 3, 13, 73
Let b be 5*(3 + -4) - (-18 - 10287). List the prime factors of 2 + 4 + (b + -4)/6.
2, 3, 7, 41
Let j = -125 + 140. Suppose 10*b + 4605 = j*b. Suppose 0 = -2*z - 3*z - 2*w + b, 0 = 2*z - 4*w - 378. List the prime factors of z.
5, 37
Suppose -3*h + 6*h + m = 0, 0 = -3*h + 4*m. Let y(d) = 6*d**2 + d + 906. What are the prime factors of y(h)?
2, 3, 151
Suppose 2*c + 2*o - 6029 = 757, 0 = -2*c + 3*o + 6791. List the prime factors of c.
2, 1697
Let p = -46597 - -69709. List the prime factors of p.
2, 3, 107
Let a be (-53)/(-17) - (-1 + 19/17). Suppose 0 = 4*l - 4*y - 1448, -l - 3*l - a*y + 1413 = 0. List the prime factors of l.
3, 7, 17
Let w = 141 - 147. Let k(u) = -39*u - 41. What are the prime factors of k(w)?
193
Suppose 0 = 20*p + 22*p - 33684 - 39270. What are the prime factors of p?
3, 193
Let n(k) = 60*k**3 + 7*k - 4. Let q(g) = g - 27. Let o be q(21). Let a(l) = -60*l**3 - 8*l + 5. Let t(f) = o*a(f) - 7*n(f). List the prime factors of t(-1).
59
Let w = 32811 - 23115. List the prime factors of w.
2, 3, 101
Suppose m + 32 = 4*t - 12, 4*m - 4*t + 116 = 0. Suppose x + 4*x = 5775. What are the prime factors of x/12 - 2 - (-6)/m?
2, 47
Let p = 66 + -434. Let k = p - -414. List the prime factors of k.
2, 23
What are the prime factors of 14 + (7 - (-994)/7)?
163
List the prime factors of 15297 - (52/(-13) + 18).
17, 29, 31
Let z(c) = 19*c**2 + 35*c**2 - 51*c**2 - 93 + 12*c. List the prime factors of z(-25).
2, 3, 13, 19
Let k(w) = w**3 + 4*w**2 + w + 5. Let q be k(-3). Let l = -1 + 7. Suppose 0 = q*b - l*b - 155. What are the prime factors of b?
31
Let d be (-48268)/(-66) - (-2)/3. Let k = 1077 - d. List the prime factors of k.
3, 5, 23
Suppose -2*o + 248 + 38 = 2*m, -o - 445 = -3*m. Suppose 157*f - 4680 = m*f. What are the prime factors of f?
2, 3, 13
Suppose 5*o = 2*w + 3*w - 515, 5*o + 25 = 0. What are the prime factors of (-4)/(-14) - (-30058)/w?
307
Let r = -1196 - -5690. List the prime factors of r.
2, 3, 7, 107
Let s be (4/7)/((-6)/(-21)). Let u(g) = g**3 + 22*g**2 + 22*g + 50. Let i be u(-21). Suppose s*o - i = o. What are the prime factors of o?
29
Let k(v) = -101*v**2 - v. Let b be k(-1). Suppose -18*r + 65*r + 38*r = -17255. Let u = b - r. What are the prime factors of u?
103
Let d = -6709 - -8912. What are the prime factors of d?
2203
Suppose -p + 2*m = -18280, -38*m + 37*m - 73085 = -4*p. Suppose -37*y = 3618 - p. What are the prime factors of y?
2, 3, 11
Suppose -3*v - 702 + 12 = 0. Let t be ((896/(-20))/(-2))/((48/60)/(-4)). Let j = t - v. List the prime factors of j.
2, 59
Let q(y) = -y**3 + 8*y**2 + 7*y + 14. Let r be q(9). Let k(v) = -2*v**3 + 4*v**2 + 5*v - 11. What are the prime factors of k(r)?
7, 23
Let j = 496 - -1046. Let h = j - 287. List the prime factors of h.
5, 251
Let i = -86 + 352. Suppose -o - 2*n = -i, -3*n - 2*n = -10. List the prime factors of o.
2, 131
Suppose 161106 = -22*h + 649176. List the prime factors of h.
3, 5, 17, 29
Let g(m) = 39*m**3 + 2*m**2 + 2. Let p be g(3). Let n = -388 + p. What are the prime factors of n?
5, 137
Suppose -3*y = -3*g + 8*g - 54188, g = -2*y + 36130. What are the prime factors of y?
2, 3, 3011
Suppose 0*w + 72 = 6*w. Let a(x) = 8 - w*x**3 - x + 11*x**3 + 6*x**2 + 12*x**2 + 6*x. What are the prime factors of a(18)?
2, 7
Let m = 85 + -83. Suppose 0 = x - m*x + 135. What are the prime factors of x?
3, 5
Let s(g) = -5*g**2 - 7*g. Let d(f) = 18*f**2 - 3*f**2 - 9*f**2 - 7*f**2. Let y(c) = 4*d(c) - s(c). What are the prime factors of y(5)?
2, 3, 5
Suppose 4*s = -3*t + 42995, -57*s = -54*s + 12. What are the prime factors of t?
3, 59
Suppose 13*l - 6*l + 42 = 0, 0 = m + 4*l - 6906. List the prime factors of m.
2, 3, 5, 7, 11
Let n(v) = -2*v**3 - 172*v**2 + 278*v + 16. List the prime factors of n(-88).
2, 3, 17
What are the prime factors of (-3741)/(-258)*1892/1?
2, 11, 29, 43
Let s(a) = -90*a**3 + a**2. Suppose -2 = 6*y - 4*y. Let g = 0 + y. What are the prime factors of s(g)?
7, 13
Let r(k) = 652*k**2 - 8*k + 8. Suppose -100*z + 5 = -95*z. List the prime factors of r(z).
2, 163
Let q(z) = 4*z - 52. Let p be q(13). Suppose p = 2*g - 3*s - 1533, 2*g + 4*s - 761 = g. List the prime factors o